{"id":2144,"date":"2025-04-02T10:48:18","date_gmt":"2025-04-02T13:48:18","guid":{"rendered":"https:\/\/www.ige.unicamp.br\/going\/?page_id=2144"},"modified":"2025-04-03T11:41:26","modified_gmt":"2025-04-03T14:41:26","slug":"conformidade-aduaneira","status":"publish","type":"page","link":"https:\/\/www.ige.unicamp.br\/going\/conformidade-aduaneira\/","title":{"rendered":"Conformidade Aduaneira"},"content":{"rendered":"\t\t<div data-elementor-type=\"wp-page\" data-elementor-id=\"2144\" class=\"elementor elementor-2144\">\n\t\t\t\t\t\t<section class=\"elementor-section elementor-top-section elementor-element elementor-element-d6a493c elementor-section-full_width elementor-section-stretched elementor-section-height-default elementor-section-height-default\" data-id=\"d6a493c\" data-element_type=\"section\" data-e-type=\"section\" data-settings=\"{&quot;stretch_section&quot;:&quot;section-stretched&quot;}\">\n\t\t\t\t\t\t<div class=\"elementor-container elementor-column-gap-default\">\n\t\t\t\t\t<div class=\"elementor-column elementor-col-100 elementor-top-column elementor-element elementor-element-edbcd0e\" data-id=\"edbcd0e\" data-element_type=\"column\" data-e-type=\"column\" data-settings=\"{&quot;background_background&quot;:&quot;classic&quot;}\">\n\t\t\t<div class=\"elementor-widget-wrap elementor-element-populated\">\n\t\t\t\t\t<div class=\"elementor-background-overlay\"><\/div>\n\t\t\t\t\t\t<div class=\"elementor-element elementor-element-02644e7 elementor-widget elementor-widget-heading\" data-id=\"02644e7\" data-element_type=\"widget\" data-e-type=\"widget\" data-widget_type=\"heading.default\">\n\t\t\t\t<div class=\"elementor-widget-container\">\n\t\t\t\t\t<h2 class=\"elementor-heading-title elementor-size-default\">Conformidade aduaneira: desenho de pol\u00edtica, a\u00e7\u00f5es, avalia\u00e7\u00e3o de programa, revis\u00e3o da legisla\u00e7\u00e3o, iniciativas de est\u00edmulo ao cumprimento da regula\u00e7\u00e3o e boas pr\u00e1ticas aduaneiras na importa\u00e7\u00e3o no Brasil<\/h2>\t\t\t\t<\/div>\n\t\t\t\t<\/div>\n\t\t\t\t\t<\/div>\n\t\t<\/div>\n\t\t\t\t\t<\/div>\n\t\t<\/section>\n\t\t\t\t<section class=\"elementor-section elementor-top-section elementor-element elementor-element-09ffb06 elementor-section-full_width elementor-section-stretched elementor-section-height-default elementor-section-height-default\" data-id=\"09ffb06\" data-element_type=\"section\" data-e-type=\"section\" data-settings=\"{&quot;stretch_section&quot;:&quot;section-stretched&quot;}\">\n\t\t\t\t\t\t<div class=\"elementor-container elementor-column-gap-default\">\n\t\t\t\t\t<div class=\"elementor-column elementor-col-100 elementor-top-column elementor-element elementor-element-e4396a9\" data-id=\"e4396a9\" data-element_type=\"column\" data-e-type=\"column\">\n\t\t\t<div class=\"elementor-widget-wrap elementor-element-populated\">\n\t\t\t\t\t\t<div class=\"elementor-element elementor-element-83b29a0 elementor-widget elementor-widget-text-editor\" data-id=\"83b29a0\" data-element_type=\"widget\" data-e-type=\"widget\" data-widget_type=\"text-editor.default\">\n\t\t\t\t<div class=\"elementor-widget-container\">\n\t\t\t\t\t\t\t\t\t<p>2024-2028<br \/>Coordenador: <a href=\"http:\/\/lattes.cnpq.br\/3528005892616225\">Cristiano Morini (Unicamp)<\/a><br \/>Financiamento: <a href=\"https:\/\/bv.fapesp.br\/pt\/auxilios\/114327\/conformidade-aduaneira-desenho-de-politica-acoes-avaliacao-de-programa-revisao-da-legislacao-iniciat\/\">Fapesp<\/a><br \/>Processo: 23\/09754-0<br \/>Participantes Going: Andr\u00e9 Sica de Campos<\/p>\n<p><strong>Resumo:<\/strong><\/p>\n<p>o problema associado ao tema \u00e9 o n\u00e3o cumprimento de normas fiscais e aduaneiras, com problemas associados \u00e0 perda de competitividade de empresas nacionais. O problema associado \u00e9 o desejo de parte da popula\u00e7\u00e3o\/empresas de evitar o Estado. Os crescentes fluxos de com\u00e9rcio internacional, especialmente de itens essenciais durante a pandemia, e a mudan\u00e7a do comportamento do consumidor migrando, em grande parte, para o com\u00e9rcio eletr\u00f4nico e a ado\u00e7\u00e3o massiva de plataformas digitais, provocou a necessidade de est\u00edmulo a boas pr\u00e1ticas e ao cumprimento volunt\u00e1rio de regulamentos aduaneiros. A aduana \u00e9 respons\u00e1vel pelos controles (e tributa\u00e7\u00e3o) das mercadorias que passam pelas fronteiras. A Receita Federal \u00e9 a administra\u00e7\u00e3o tribut\u00e1ria e aduaneira no pa\u00eds. O objetivo principal \u00e9 a indu\u00e7\u00e3o da conformidade aduaneira, com expectativa de retorno do fraudador como sendo negativa. Este projeto de pesquisa para pol\u00edticas p\u00fablicas est\u00e1 dividido em duas partes relativas ao tema da pol\u00edtica p\u00fablica de conformidade aduaneira. Uma referente \u00e0 avalia\u00e7\u00e3o do programa de conformidade aduaneira para empresas importadoras e exportadoras, chamado de programa Operador Econ\u00f4mico Autorizado (OEA), cuja ades\u00e3o traz benef\u00edcios ao operador, dentre eles maior agilidade nos controles aduaneiros. Outra, referente \u00e0 revis\u00e3o da legisla\u00e7\u00e3o sobre remessas expressas internacionais (pequenos pacotes), comumente conhecido como importa\u00e7\u00e3o via com\u00e9rcio eletr\u00f4nico. O objetivo da primeira parte \u00e9 avaliar o programa OEA e propor indicadores de acompanhamento, para medir, efetivamente, o custo e o valor de ades\u00e3o ao programa de conformidade. O objetivo da segunda parte \u00e9 propor uma pol\u00edtica e proposi\u00e7\u00e3o de a\u00e7\u00f5es de controle mais eficientes, para regular, controlar e, eventualmente, tributar a importa\u00e7\u00e3o de pequenos pacotes (small parcels). Ambas as partes comp\u00f5em uma pol\u00edtica p\u00fablica em idealiza\u00e7\u00e3o (PID), voltada para a conformidade fiscal e aduaneira em termos de formaliza\u00e7\u00e3o, implementa\u00e7\u00e3o e opera\u00e7\u00e3o, tendo em vista criar um ambiente de conformidade, regula\u00e7\u00e3o e boas pr\u00e1ticas. Em termos de contribui\u00e7\u00e3o para o avan\u00e7o do conhecimento, resultados em termos de identifica\u00e7\u00e3o de crit\u00e9rios de gest\u00e3o de risco aduaneiro para o e-commerce e an\u00e1lise e proposi\u00e7\u00e3o de indicadores de avalia\u00e7\u00e3o do programa OEA. Os riscos associados est\u00e3o relacionados \u00e0 descontinuidade e trocas de cargos na gest\u00e3o p\u00fablica. Entre os riscos associados ao conhecimento a ser produzido, h\u00e1 a possibilidade do n\u00e3o preenchimento das bolsas previstas.<\/p>\n<p><strong>Palavras-chave: <\/strong>Com\u00e9rcio eletr\u00f4nico internacional; Com\u00e9rcio Internacional; Conformidade aduaneira; Gest\u00e3o de riscos; Plataformas digitais; Regula\u00e7\u00e3o; Aduana<strong><br \/><\/strong><\/p>\t\t\t\t\t\t\t\t<\/div>\n\t\t\t\t<\/div>\n\t\t\t\t\t<\/div>\n\t\t<\/div>\n\t\t\t\t\t<\/div>\n\t\t<\/section>\n\t\t\t\t<\/div>\n\t\t","protected":false},"excerpt":{"rendered":"<p>Conformidade aduaneira: desenho de pol\u00edtica, a\u00e7\u00f5es, avalia\u00e7\u00e3o de programa, revis\u00e3o da legisla\u00e7\u00e3o, iniciativas de est\u00edmulo ao cumprimento da regula\u00e7\u00e3o e boas pr\u00e1ticas aduaneiras na importa\u00e7\u00e3o no Brasil 2024-2028Coordenador: Cristiano Morini (Unicamp)Financiamento: FapespProcesso: 23\/09754-0Participantes Going: Andr\u00e9 Sica de Campos Resumo: o problema associado ao tema \u00e9 o n\u00e3o cumprimento de normas [&hellip;]<\/p>\n","protected":false},"author":239,"featured_media":0,"parent":0,"menu_order":0,"comment_status":"closed","ping_status":"closed","template":"","meta":{"footnotes":""},"class_list":["post-2144","page","type-page","status-publish","hentry"],"_links":{"self":[{"href":"https:\/\/www.ige.unicamp.br\/going\/wp-json\/wp\/v2\/pages\/2144","targetHints":{"allow":["GET"]}}],"collection":[{"href":"https:\/\/www.ige.unicamp.br\/going\/wp-json\/wp\/v2\/pages"}],"about":[{"href":"https:\/\/www.ige.unicamp.br\/going\/wp-json\/wp\/v2\/types\/page"}],"author":[{"embeddable":true,"href":"https:\/\/www.ige.unicamp.br\/going\/wp-json\/wp\/v2\/users\/239"}],"replies":[{"embeddable":true,"href":"https:\/\/www.ige.unicamp.br\/going\/wp-json\/wp\/v2\/comments?post=2144"}],"version-history":[{"count":9,"href":"https:\/\/www.ige.unicamp.br\/going\/wp-json\/wp\/v2\/pages\/2144\/revisions"}],"predecessor-version":[{"id":2210,"href":"https:\/\/www.ige.unicamp.br\/going\/wp-json\/wp\/v2\/pages\/2144\/revisions\/2210"}],"wp:attachment":[{"href":"https:\/\/www.ige.unicamp.br\/going\/wp-json\/wp\/v2\/media?parent=2144"}],"curies":[{"name":"wp","href":"https:\/\/api.w.org\/{rel}","templated":true}]}}