{"id":309,"date":"2022-05-19T16:08:26","date_gmt":"2022-05-19T19:08:26","guid":{"rendered":"https:\/\/www.ige.unicamp.br\/going\/?page_id=309"},"modified":"2025-03-12T11:11:20","modified_gmt":"2025-03-12T14:11:20","slug":"noticias","status":"publish","type":"page","link":"https:\/\/www.ige.unicamp.br\/going\/noticias\/","title":{"rendered":"Not\u00edcias"},"content":{"rendered":"\t\t<div data-elementor-type=\"wp-page\" data-elementor-id=\"309\" class=\"elementor elementor-309\">\n\t\t\t\t\t\t<section class=\"elementor-section elementor-top-section elementor-element elementor-element-51c5f63 elementor-section-boxed elementor-section-height-default elementor-section-height-default\" data-id=\"51c5f63\" data-element_type=\"section\" data-e-type=\"section\">\n\t\t\t\t\t\t<div class=\"elementor-container elementor-column-gap-default\">\n\t\t\t\t\t<div class=\"elementor-column elementor-col-66 elementor-top-column elementor-element elementor-element-b83c3b5\" data-id=\"b83c3b5\" data-element_type=\"column\" data-e-type=\"column\">\n\t\t\t<div class=\"elementor-widget-wrap\">\n\t\t\t\t\t\t\t<\/div>\n\t\t<\/div>\n\t\t\t\t<div class=\"elementor-column elementor-col-33 elementor-top-column elementor-element elementor-element-a194f71\" data-id=\"a194f71\" data-element_type=\"column\" data-e-type=\"column\">\n\t\t\t<div class=\"elementor-widget-wrap elementor-element-populated\">\n\t\t\t\t\t\t<div class=\"elementor-element elementor-element-af8b075 elementor-widget elementor-widget-shortcode\" data-id=\"af8b075\" data-element_type=\"widget\" data-e-type=\"widget\" data-widget_type=\"shortcode.default\">\n\t\t\t\t<div class=\"elementor-widget-container\">\n\t\t\t\t\t\t\t<div class=\"elementor-shortcode\"><div class=\"gtranslate_wrapper\" id=\"gt-wrapper-54061392\"><\/div><\/div>\n\t\t\t\t\t\t<\/div>\n\t\t\t\t<\/div>\n\t\t\t\t\t<\/div>\n\t\t<\/div>\n\t\t\t\t\t<\/div>\n\t\t<\/section>\n\t\t\t\t<section class=\"elementor-section elementor-top-section elementor-element elementor-element-1d60539 elementor-section-full_width elementor-section-height-min-height animated-slow elementor-section-height-default elementor-section-items-middle elementor-invisible\" data-id=\"1d60539\" data-element_type=\"section\" data-e-type=\"section\" data-settings=\"{&quot;background_background&quot;:&quot;classic&quot;,&quot;animation&quot;:&quot;fadeIn&quot;}\">\n\t\t\t\t\t\t\t<div class=\"elementor-background-overlay\"><\/div>\n\t\t\t\t\t\t\t<div class=\"elementor-container elementor-column-gap-default\">\n\t\t\t\t\t<div class=\"elementor-column elementor-col-100 elementor-top-column elementor-element elementor-element-f19e996\" data-id=\"f19e996\" data-element_type=\"column\" data-e-type=\"column\">\n\t\t\t<div class=\"elementor-widget-wrap elementor-element-populated\">\n\t\t\t\t\t\t<div class=\"elementor-element elementor-element-65f08d1 elementor-widget elementor-widget-heading\" data-id=\"65f08d1\" data-element_type=\"widget\" data-e-type=\"widget\" data-widget_type=\"heading.default\">\n\t\t\t\t<div class=\"elementor-widget-container\">\n\t\t\t\t\t<h2 class=\"elementor-heading-title elementor-size-default\">Not\u00edcias<\/h2>\t\t\t\t<\/div>\n\t\t\t\t<\/div>\n\t\t\t\t\t<\/div>\n\t\t<\/div>\n\t\t\t\t\t<\/div>\n\t\t<\/section>\n\t\t\t\t<section class=\"elementor-section elementor-top-section elementor-element elementor-element-9809df0 elementor-section-boxed elementor-section-height-default elementor-section-height-default elementor-invisible\" data-id=\"9809df0\" data-element_type=\"section\" data-e-type=\"section\" data-settings=\"{&quot;animation&quot;:&quot;fadeIn&quot;}\">\n\t\t\t\t\t\t<div class=\"elementor-container elementor-column-gap-default\">\n\t\t\t\t\t<div class=\"elementor-column elementor-col-100 elementor-top-column elementor-element elementor-element-3ba2c61\" data-id=\"3ba2c61\" data-element_type=\"column\" data-e-type=\"column\">\n\t\t\t<div class=\"elementor-widget-wrap elementor-element-populated\">\n\t\t\t\t\t\t<div class=\"elementor-element elementor-element-6a241f8 elementor-widget elementor-widget-heading\" data-id=\"6a241f8\" data-element_type=\"widget\" data-e-type=\"widget\" data-widget_type=\"heading.default\">\n\t\t\t\t<div class=\"elementor-widget-container\">\n\t\t\t\t\t<h2 class=\"elementor-heading-title elementor-size-default\">Not\u00edcias Recentes <\/h2>\t\t\t\t<\/div>\n\t\t\t\t<\/div>\n\t\t\t\t\t<\/div>\n\t\t<\/div>\n\t\t\t\t\t<\/div>\n\t\t<\/section>\n\t\t\t\t<section class=\"elementor-section elementor-top-section elementor-element elementor-element-2229e70 elementor-section-boxed elementor-section-height-default elementor-section-height-default elementor-invisible\" data-id=\"2229e70\" data-element_type=\"section\" data-e-type=\"section\" data-settings=\"{&quot;animation&quot;:&quot;fadeIn&quot;}\">\n\t\t\t\t\t\t<div class=\"elementor-container elementor-column-gap-default\">\n\t\t\t\t\t<div class=\"elementor-column elementor-col-100 elementor-top-column elementor-element elementor-element-d2289ec\" data-id=\"d2289ec\" data-element_type=\"column\" data-e-type=\"column\">\n\t\t\t<div class=\"elementor-widget-wrap elementor-element-populated\">\n\t\t\t\t\t\t<div class=\"elementor-element elementor-element-dd61ce0 elementor-widget elementor-widget-eael-post-timeline\" data-id=\"dd61ce0\" data-element_type=\"widget\" data-e-type=\"widget\" data-widget_type=\"eael-post-timeline.default\">\n\t\t\t\t<div class=\"elementor-widget-container\">\n\t\t\t\t\t<div id=\"eael-post-timeline-dd61ce0\" class=\"eael-post-timeline timeline-layout-card eael-post-timeline-arrow-top\">\n            <div class=\"eael-post-timeline eael-post-appender eael-post-appender-dd61ce0\"><article class=\"eael-timeline-post\">\n    <div class=\"eael-timeline-bullet\"><\/div>\n    <div class=\"eael-timeline-post-inner\">\n        <a class=\"eael-timeline-post-link\" href=\"https:\/\/www.ige.unicamp.br\/going\/2024\/06\/25\/dra-marina-fontolan-pesquisadora-do-going-publica-artigo-sobre-adaptacao-de-jogos-para-outras-linguas\/\" title=\"Dra. Marina Fontolan, pesquisadora do Going, publica artigo sobre adapta\u00e7\u00e3o de jogos para outras l\u00ednguas.\">\n            <time datetime=\"25 de junho de 2024\">25 de junho de 2024<\/time>\n            <div class=\"eael-timeline-content\"><div class=\"eael-timeline-post-title\">\n\t\t                    <h3 class=\"eael-timeline-post-title-text\">Dra. Marina Fontolan, pesquisadora do Going, publica artigo sobre adapta\u00e7\u00e3o de jogos para outras l\u00ednguas.<\/h3>\n\t\t                <\/div><\/div><\/a>\n    <\/div>\n    <div class=\"eael-timeline-clear\"><\/div>\n<\/article><article class=\"eael-timeline-post\">\n    <div class=\"eael-timeline-bullet\"><\/div>\n    <div class=\"eael-timeline-post-inner\">\n        <a class=\"eael-timeline-post-link\" href=\"https:\/\/www.ige.unicamp.br\/going\/2024\/05\/15\/dra-janaina-pamplona-visita-universidade-noroeguesa-para-divulgar-o-programa-de-pos-graduacao-em-politica-cientifica-e-tecnologica\/\" title=\"Dra. Janaina Pamplona visita universidade norueguesa para divulgar o Programa de P\u00f3s Gradua\u00e7\u00e3o em Pol\u00edtica Cient\u00edfica e Tecnol\u00f3gica\">\n            <time datetime=\"15 de maio de 2024\">15 de maio de 2024<\/time>\n            <div class=\"eael-timeline-content\"><div class=\"eael-timeline-post-title\">\n\t\t                    <h3 class=\"eael-timeline-post-title-text\">Dra. Janaina Pamplona visita universidade norueguesa para divulgar o Programa de P\u00f3s Gradua\u00e7\u00e3o em Pol\u00edtica Cient\u00edfica e Tecnol\u00f3gica<\/h3>\n\t\t                <\/div><\/div><\/a>\n    <\/div>\n    <div class=\"eael-timeline-clear\"><\/div>\n<\/article><article class=\"eael-timeline-post\">\n    <div class=\"eael-timeline-bullet\"><\/div>\n    <div class=\"eael-timeline-post-inner\">\n        <a class=\"eael-timeline-post-link\" href=\"https:\/\/www.ige.unicamp.br\/going\/2024\/04\/16\/guilherme-estevao-defende-tese-de-mestrado-em-politica-cientifica-tecnologica-e-ingressa-no-doutorado-em-geografia-huamana\/\" title=\"Guilherme Estev\u00e3o defende disserta\u00e7\u00e3o de mestrado em Pol\u00edtica Cient\u00edfica Tecnol\u00f3gica e ingressa no doutorado em Geografia Huamana.\">\n            <time datetime=\"16 de abril de 2024\">16 de abril de 2024<\/time>\n            <div class=\"eael-timeline-content\"><div class=\"eael-timeline-post-title\">\n\t\t                    <h3 class=\"eael-timeline-post-title-text\">Guilherme Estev\u00e3o defende disserta\u00e7\u00e3o de mestrado em Pol\u00edtica Cient\u00edfica Tecnol\u00f3gica e ingressa no doutorado em Geografia Huamana.<\/h3>\n\t\t                <\/div><\/div><\/a>\n    <\/div>\n    <div class=\"eael-timeline-clear\"><\/div>\n<\/article><article class=\"eael-timeline-post\">\n    <div class=\"eael-timeline-bullet\"><\/div>\n    <div class=\"eael-timeline-post-inner\">\n        <a class=\"eael-timeline-post-link\" href=\"https:\/\/www.ige.unicamp.br\/going\/2024\/04\/10\/bringing-formative-evaluation-to-fiocruz-pesquisa-de-coordenadores-do-going-e-destaque-no-tip-resource-lab\/\" title=\"&#8220;BRINGING FORMATIVE EVALUATION TO FIOCRUZ&#8221; &#8211; Pesquisa de coordenadores do GOING \u00e9 destaque no TIP Resource Lab\">\n            <time datetime=\"10 de abril de 2024\">10 de abril de 2024<\/time>\n            <div class=\"eael-timeline-content\"><div class=\"eael-timeline-post-title\">\n\t\t                    <h3 class=\"eael-timeline-post-title-text\">&#8220;BRINGING FORMATIVE EVALUATION TO FIOCRUZ&#8221; &#8211; Pesquisa de coordenadores do GOING \u00e9 destaque no TIP Resource Lab<\/h3>\n\t\t                <\/div><\/div><\/a>\n    <\/div>\n    <div class=\"eael-timeline-clear\"><\/div>\n<\/article><article class=\"eael-timeline-post\">\n    <div class=\"eael-timeline-bullet\"><\/div>\n    <div class=\"eael-timeline-post-inner\">\n        <a class=\"eael-timeline-post-link\" href=\"https:\/\/www.ige.unicamp.br\/going\/2023\/09\/05\/em-tese-de-doutorado-liz-greco-aborda-as-adaptacoes-tecnologicas-com-foco-em-doencas-reemergentes-no-brasil\/\" title=\"Em tese de doutorado, Liz Greco aborda as adapta\u00e7\u00f5es tecnol\u00f3gicas com foco em doen\u00e7as (re)emergentes no Brasil.\">\n            <time datetime=\"5 de setembro de 2023\">5 de setembro de 2023<\/time>\n            <div class=\"eael-timeline-content\"><div class=\"eael-timeline-post-title\">\n\t\t                    <h3 class=\"eael-timeline-post-title-text\">Em tese de doutorado, Liz Greco aborda as adapta\u00e7\u00f5es tecnol\u00f3gicas com foco em doen\u00e7as (re)emergentes no Brasil.<\/h3>\n\t\t                <\/div><\/div><\/a>\n    <\/div>\n    <div class=\"eael-timeline-clear\"><\/div>\n<\/article><\/div>\n\t\t<\/div>            <div class=\"eael-load-more-button-wrap\">\n                <button class=\"eael-load-more-button\" id=\"eael-load-more-btn-dd61ce0\" data-widget-id=\"dd61ce0\" data-widget=\"dd61ce0\" data-page-id=\"309\" data-template=\"{&quot;dir&quot;:&quot;lite&quot;,&quot;file_name&quot;:&quot;card.php&quot;,&quot;name&quot;:&quot;Post-Timeline&quot;}\" data-class=\"Essential_Addons_Elementor\\Elements\\Post_Timeline\" data-layout=\"\" data-page=\"1\" data-args=\"orderby=date&amp;order=desc&amp;ignore_sticky_posts=1&amp;post_status=publish&amp;posts_per_page=5&amp;offset=0&amp;post_type=post&amp;tax_query%5B0%5D%5Btaxonomy%5D=category&amp;tax_query%5B0%5D%5Bfield%5D=term_id&amp;tax_query%5B0%5D%5Bterms%5D%5B0%5D=7&amp;tax_query%5Brelation%5D=AND\" data-max-page=\"4\">\n                    <span class=\"eael-btn-loader button__loader\"><\/span>\n                    <span class=\"eael_load_more_text\">Carregar mais<\/span>\n                <\/button>\n            <\/div>\n            \t\t\t\t<\/div>\n\t\t\t\t<\/div>\n\t\t\t\t\t<\/div>\n\t\t<\/div>\n\t\t\t\t\t<\/div>\n\t\t<\/section>\n\t\t\t\t<\/div>\n\t\t","protected":false},"excerpt":{"rendered":"<p>Not\u00edcias Not\u00edcias Recentes 25 de junho de 2024 Dra. Marina Fontolan, pesquisadora do Going, publica artigo sobre adapta\u00e7\u00e3o de jogos para outras l\u00ednguas. 15 de maio de 2024 Dra. Janaina Pamplona visita universidade norueguesa para divulgar o Programa de P\u00f3s Gradua\u00e7\u00e3o em Pol\u00edtica Cient\u00edfica e Tecnol\u00f3gica 16 de abril de [&hellip;]<\/p>\n","protected":false},"author":160,"featured_media":0,"parent":0,"menu_order":0,"comment_status":"closed","ping_status":"closed","template":"elementor_header_footer","meta":{"footnotes":""},"class_list":["post-309","page","type-page","status-publish","hentry"],"_links":{"self":[{"href":"https:\/\/www.ige.unicamp.br\/going\/wp-json\/wp\/v2\/pages\/309","targetHints":{"allow":["GET"]}}],"collection":[{"href":"https:\/\/www.ige.unicamp.br\/going\/wp-json\/wp\/v2\/pages"}],"about":[{"href":"https:\/\/www.ige.unicamp.br\/going\/wp-json\/wp\/v2\/types\/page"}],"author":[{"embeddable":true,"href":"https:\/\/www.ige.unicamp.br\/going\/wp-json\/wp\/v2\/users\/160"}],"replies":[{"embeddable":true,"href":"https:\/\/www.ige.unicamp.br\/going\/wp-json\/wp\/v2\/comments?post=309"}],"version-history":[{"count":43,"href":"https:\/\/www.ige.unicamp.br\/going\/wp-json\/wp\/v2\/pages\/309\/revisions"}],"predecessor-version":[{"id":1994,"href":"https:\/\/www.ige.unicamp.br\/going\/wp-json\/wp\/v2\/pages\/309\/revisions\/1994"}],"wp:attachment":[{"href":"https:\/\/www.ige.unicamp.br\/going\/wp-json\/wp\/v2\/media?parent=309"}],"curies":[{"name":"wp","href":"https:\/\/api.w.org\/{rel}","templated":true}]}}