{"id":908,"date":"2015-07-16T17:12:41","date_gmt":"2015-07-16T20:12:41","guid":{"rendered":"http:\/\/www.ige.unicamp.br\/spec\/?page_id=908"},"modified":"2024-06-21T10:52:23","modified_gmt":"2024-06-21T13:52:23","slug":"post-docs","status":"publish","type":"page","link":"https:\/\/www.ige.unicamp.br\/insyspo\/people\/post-docs\/","title":{"rendered":"Post Docs"},"content":{"rendered":"<p>[vc_row][vc_column]<div class=\"startflow-headings clearfix \"  style=\"\"><h2 class=\"heading clearfix \" style=\"\">\r\n\t\tPost Docs\r\n\t<\/h2><\/div>[\/vc_column][\/vc_row][vc_row][vc_column][\/vc_column][\/vc_row][vc_row][vc_column width=&#8221;1\/4&#8243; el_class=&#8221;people_id_container&#8221;]<div class=\"startflow-simple-image text-center\" style=\"border-radius:1000px;overflow:hidden;\" >\r\n\t\t\t<img decoding=\"async\" alt=\"image\" src=\"https:\/\/www.ige.unicamp.br\/insyspo\/wp-content\/uploads\/sites\/51\/2024\/06\/1704887899440.jpg\" \/> \r\n\t\t<\/div><div class=\"startflow-icon icon-451748155\"  data-icon=\"#ef7d14\"><a class=\"url-wrap\" target=\"yes\" href=\"mai&#108;&#116;&#111;&#x3a;&#x6a;&#x75;&#x61;&#x6e;&#x63;ast&#64;&#117;&#110;&#105;&#x63;&#x61;&#x6d;&#x70;&#x2e;&#x62;r\"><span class=\"icon\" style=\"font-size:50px;width:60px;height:60px;border-style:solid;\"><i class=\"far fa-envelope\"><\/i><\/span><\/a><\/div>[\/vc_column][vc_column width=&#8221;3\/4&#8243;][vc_column_text]<\/p>\n<h3 class=\"team-title\">Juan Carlos Castillo<\/h3>\n<div>\n<div class=\"Zmm6We\">Juan is currently a Postdoctoral Research Fellow at Universidade Estadual de Campinas (UNICAMP), Brazil, affiliated with the InSySPo program. Previously, he worked as a Consultant at UN-Habitat in Mexico City, contributing to Mexico&#8217;s Industrial and Territorial Atlas for foreign direct investment. He also served as a Postdoctoral Scholar at Universit\u00e0 Bocconi in Milan, Italy, researching Applied Economics for the European Commission project &#8220;Catching-up along the Global Value Chain (CatChain)&#8221; at ICRIOS. His background includes consulting for UNCTAD in Geneva, tutoring at Maastricht University, and interning at UNIDO in Austria. Juan Carlos holds a PhD in Economics from United Nations University-MERIT, focusing on Structural Change and Industrialization, and has an MSc in Economics and Business from Rijksuniversiteit Groningen. He earned his BSc in Economics with honors from Universidad Nacional Aut\u00f3noma de M\u00e9xico.<\/div>\n<\/div>\n<p>[\/vc_column_text][\/vc_column][vc_column][\/vc_column][\/vc_row][vc_row][vc_column width=&#8221;1\/4&#8243; el_class=&#8221;people_id_container&#8221;]<div class=\"startflow-simple-image text-center\" style=\"\" >\r\n\t\t\t<img decoding=\"async\" alt=\"image\" src=\"https:\/\/www.ige.unicamp.br\/insyspo\/wp-content\/uploads\/sites\/51\/2021\/08\/WhatsApp-Image-2021-08-18-at-2.29.18-PM-modified.png\" \/> \r\n\t\t<\/div><div class=\"startflow-icon icon-563472078\"  data-icon=\"#ef7d14\"><a class=\"url-wrap\" target=\"yes\" href=\"mail&#116;&#111;&#58;&#97;&#102;&#109;&#97;&#x7a;&#x6f;&#x6e;&#x69;&#x40;&#x75;&#x6e;&#x69;&#x63;amp&#46;&#98;&#114;\"><span class=\"icon\" style=\"font-size:50px;width:60px;height:60px;border-style:solid;\"><i class=\"far fa-envelope\"><\/i><\/span><\/a><\/div><div class=\"startflow-icon icon-58709189\"  data-icon=\"#ef7d14\"><a class=\"url-wrap\" target=\"yes\" href=\"https:\/\/www.researchgate.net\/profile\/Alysson-Mazoni-2\/amp\"><span class=\"icon\" style=\"font-size:50px;width:60px;height:60px;border-style:solid;\"><i class=\"elegant-icon_documents_alt\"><\/i><\/span><\/a><\/div>[\/vc_column][vc_column width=&#8221;3\/4&#8243;][vc_column_text]<\/p>\n<h3 class=\"team-title\">Alysson Mazoni<\/h3>\n<div>\n<div class=\"Zmm6We\">Alysson is currently a post-doctoral research fellow in the Innovation Systems, Strategies and Policy project (InSySPo) in the Department of Science and Technology Policy, at University of Campinas (UNICAMP). He holds a MSc and PhD on Mechanical Engineering, both from UNICAMP, studying vibration control of structures and the application of artificial intelligence to mechatronic systems, respectively. He also works with processing and modelling for biomechanical signals and image techniques for fossil photogrammetry. His research at InSySPo considers the possible applications of big data to citation analysis and innovation impact studies.<\/div>\n<\/div>\n<p>[\/vc_column_text][\/vc_column][\/vc_row][vc_row][vc_column width=&#8221;1\/4&#8243; el_class=&#8221;people_id_container&#8221;][vc_empty_space]<div class=\"startflow-simple-image text-center\" style=\"\" >\r\n\t\t\t<img decoding=\"async\" alt=\"image\" src=\"https:\/\/www.ige.unicamp.br\/insyspo\/wp-content\/uploads\/sites\/51\/2021\/02\/circle-cropped-1.png\" \/> \r\n\t\t<\/div><div class=\"startflow-icon icon-1568062304\"  data-icon=\"#ef7d14\"><a class=\"url-wrap\" target=\"yes\" href=\"&#x6d;&#97;i&#x6c;&#116;o&#x3a;&#109;a&#x74;&#x6c;&#101;&#x69;&#x74;&#101;&#64;&#x75;&#110;i&#x63;&#97;m&#x70;&#x2e;&#98;&#x72;\"><span class=\"icon\" style=\"font-size:50px;width:60px;height:60px;border-style:solid;\"><i class=\"far fa-envelope\"><\/i><\/span><\/a><\/div><div class=\"startflow-icon icon-960794771\"  data-icon=\"#ef7d14\"><a class=\"url-wrap\" target=\"yes\" href=\"https:\/\/www.researchgate.net\/profile\/Matheus_Leite_Campos\"><span class=\"icon\" style=\"font-size:50px;width:60px;height:60px;border-style:solid;\"><i class=\"elegant-icon_documents_alt\"><\/i><\/span><\/a><\/div>[\/vc_column][vc_column width=&#8221;3\/4&#8243;][vc_empty_space][vc_column_text]<\/p>\n<h3 class=\"team-title\">Matheus Leite de Campos<\/h3>\n<p>Matheus is currently a post-doctoral research fellow in the Innovation Systems, Strategies and Policy project (InSySPo) in the Department of Science and Technology Policy, University of Campinas (UNICAMP). He holds a master degree in Production and Manufacturing Engineering and a PhD in Business Administration, both from UNICAMP. During his PhD he studied the entrepreneurial university ecosystem\u2019s effect on student entrepreneurial intention. His main research interest includes entrepreneurship and entrepreneurial ecosystems.[\/vc_column_text][\/vc_column][\/vc_row][vc_row][vc_column width=&#8221;1\/4&#8243; el_class=&#8221;people_id_container&#8221;][vc_empty_space]<div class=\"startflow-simple-image text-center\" style=\"\" >\r\n\t\t\t<img decoding=\"async\" alt=\"image\" src=\"https:\/\/www.ige.unicamp.br\/insyspo\/wp-content\/uploads\/sites\/51\/2021\/08\/Foto1-modified.png\" \/> \r\n\t\t<\/div><div class=\"startflow-icon icon-105379128\"  data-icon=\"#ef7d14\"><a class=\"url-wrap\" target=\"yes\" href=\"&#x6d;&#x61;&#x69;&#x6c;&#x74;&#x6f;&#x3a;&#x79;&#x6a;&#x75;&#x6b;&#x40;&#x75;&#x6e;&#105;&#99;&#97;&#109;&#112;&#46;&#98;&#114;\"><span class=\"icon\" style=\"font-size:50px;width:60px;height:60px;border-style:solid;\"><i class=\"far fa-envelope\"><\/i><\/span><\/a><\/div><div class=\"startflow-icon icon-1809150460\"  data-icon=\"#ef7d14\"><a class=\"url-wrap\" target=\"yes\" href=\"https:\/\/www.researchgate.net\/profile\/Yohanna-Juk\"><span class=\"icon\" style=\"font-size:50px;width:60px;height:60px;border-style:solid;\"><i class=\"elegant-icon_documents_alt\"><\/i><\/span><\/a><\/div>[\/vc_column][vc_column width=&#8221;3\/4&#8243;][vc_empty_space][vc_column_text]<\/p>\n<h3 class=\"team-title\">Yohanna Juk<\/h3>\n<div>\n<p>Yohanna is currently a post-doctoral research fellow in the Innovation Systems, Strategies and Policy (InSySPo) project in the Department of Science and Technology Policy of the University of Campinas. She holds a master\u2019s degree and a PhD in Public Policies, both from the Federal University of Paran\u00e1 (UFPR). During her master\u2019s program and PhD, she mainly focused on agenda-setting and law and political decision making concerning agricultural innovation policies. Her research interests cover innovation policy design, implementation and evaluation.<\/p><\/div>\n<p>[\/vc_column_text][\/vc_column][\/vc_row][vc_row][vc_column][vc_empty_space height=&#8221;100px&#8221;][\/vc_column][\/vc_row][vc_row][vc_column]<div class=\"startflow-headings clearfix \"  style=\"\"><h3 class=\"heading clearfix \" style=\"\">\r\n\t\tFormer Post Docs\r\n\t<\/h3><\/div>[\/vc_column][\/vc_row][vc_row][vc_column][vc_empty_space height=&#8221;100px&#8221;][\/vc_column][\/vc_row][vc_row][vc_column width=&#8221;1\/4&#8243; el_class=&#8221;people_id_container&#8221;]<div class=\"startflow-simple-image text-center\" style=\"\" >\r\n\t\t\t<img decoding=\"async\" alt=\"image\" src=\"https:\/\/www.ige.unicamp.br\/insyspo\/wp-content\/uploads\/sites\/51\/2021\/08\/thumbnail_415DSC_8110-modified.png\" \/> \r\n\t\t<\/div>[\/vc_column][vc_column width=&#8221;3\/4&#8243;][vc_column_text]<\/p>\n<div class=\"team-member-des\">\n<h3 class=\"medium-title bv_h1\">Vanessa de Lima Avanci<\/h3>\n<p><span>PhD in Economics from the Graduate Program in Economics at the Federal Fluminense University (UFF, 2018). Participated in the CAPG-BA program &#8211; Associated Centers of Postgraduate Education Brazil-Argentina, funded by CAPES (2016). Holds a Master&#8217;s degree in Economics from PPGE-UFF (Niter\u00f3i, 2014) and a Bachelor&#8217;s degree in Economics from the Federal University of Esp\u00edrito Santo (Vit\u00f3ria, 2011). Currently researching in the areas of Industrial and Regional Economics and Innovation Economics with a focus on renewable energies. Proficient in theoretical foundations of Social Network Analysis (SNA) and statistical methods for visualization and analysis of real data networks. <\/span><\/p>\n<\/div>\n<p>&nbsp;[\/vc_column_text][vc_empty_space height=&#8221;100px&#8221;][\/vc_column][vc_column][\/vc_column][\/vc_row][vc_row][vc_column width=&#8221;1\/4&#8243; el_class=&#8221;people_id_container&#8221;]<div class=\"startflow-simple-image text-center\" style=\"\" >\r\n\t\t\t<img decoding=\"async\" alt=\"image\" src=\"https:\/\/www.ige.unicamp.br\/insyspo\/wp-content\/uploads\/sites\/51\/2021\/02\/circle-cropped.png\" \/> \r\n\t\t<\/div>[\/vc_column][vc_column width=&#8221;3\/4&#8243;][vc_column_text]<\/p>\n<div class=\"team-member-des\">\n<h3 class=\"team-title\">Mariane Santos Fran\u00e7oso<\/h3>\n<p><span>Assistant Professor in the Department of Economics at UNESP, Araraquara campus. Postdoctoral research conducted at the Department of Science and Technology Policy at UNICAMP, affiliated with the SPEC InSySPo project (System Innovation: Organizational Strategy, Research and Innovation Policy Governance), funded by FAPESP. PhD in Economics from the Institute of Economics at UNICAMP, with a research stay at the Global South Studies Center at the Universit\u00e4t zu K\u00f6ln. Experienced in the fields of innovation economics and economic geography. (Source: Lattes Curriculum)<\/span><\/p>\n<\/div>\n<p>&nbsp;[\/vc_column_text][vc_empty_space height=&#8221;100px&#8221;][\/vc_column][vc_column][\/vc_column][\/vc_row][vc_row][vc_column width=&#8221;1\/4&#8243; el_class=&#8221;people_id_container&#8221;]<div class=\"startflow-simple-image text-center\" style=\"\" >\r\n\t\t\t<img decoding=\"async\" alt=\"image\" src=\"https:\/\/www.ige.unicamp.br\/insyspo\/wp-content\/uploads\/sites\/51\/2021\/08\/Perfil-modified.png\" \/> \r\n\t\t<\/div>[\/vc_column][vc_column width=&#8221;3\/4&#8243;][vc_column_text]<\/p>\n<div class=\"team-member-des\">\n<h3 class=\"team-title\">Karen Esteves Fernandes Pinto<\/h3>\n<p><span>Currently a Postdoctoral Researcher at the Institute of Biology, State University of Campinas, Karen also holds another postdoctoral degree from the InSySPo Project within the university&#8217;s Department of Science and Technology Policy, supported by the S\u00e3o Paulo Excellence Chair (SPEC) program of FAPESP. Her PhD and Master\u2019s degrees in Business Administration were earned from the University of S\u00e3o Paulo, focusing on Corporate Social Responsibility and Internationalization. Karen&#8217;s academic background includes honors in Literature (German Language and Literature) from the Federal University of Santa Catarina (UFSC), along with certifications in German and English. Her doctoral research on Corporate Social Responsibility and Brazilian multinationals was supported by a FAPESP scholarship, and she participated in a Capes scholarship program in Sweden (Link\u00f6ping University). Additionally, professional experience includes work as a legal translator for the Federal Court in S\u00e3o Paulo, and involvement in reviewing articles for academic journals.<\/span><\/p>\n<\/div>\n<p>&nbsp;[\/vc_column_text][\/vc_column][vc_column][\/vc_column][\/vc_row][vc_row][vc_column width=&#8221;1\/4&#8243; el_class=&#8221;people_id_container&#8221;]<div class=\"startflow-simple-image text-center\" style=\"\" >\r\n\t\t\t<img decoding=\"async\" alt=\"image\" src=\"https:\/\/www.ige.unicamp.br\/insyspo\/wp-content\/uploads\/sites\/51\/2020\/05\/Alireza-Ilbeigi.png\" \/> \r\n\t\t<\/div>[\/vc_column][vc_column width=&#8221;3\/4&#8243;][vc_column_text]<\/p>\n<div class=\"team-member-des\">\n<h3 class=\"team-title\">Alireza Ilbeigi<\/h3>\n<p>Alireza has a \u2018PhD in Economics and Management\u2019 from the University of Trento. His current research directions are tended and focused on knowledge-intensive entrepreneurship (KIE), science, technology and innovation (STI) networks and STI policy, and social impacts of technology and innovation. The research lines are based on a data-driven, quantitative and applied economics approach. He has also worked as a mentor for start-up projects at Contamination Lab (CLab Trento). He is a recognized regular referee and reviewer for European Journal of Operational Research (EJOR).<\/p><\/div>\n<p>[\/vc_column_text][\/vc_column][\/vc_row][vc_row][vc_column][vc_empty_space height=&#8221;100px&#8221;][\/vc_column][\/vc_row][vc_row][vc_column width=&#8221;1\/4&#8243; el_class=&#8221;people_id_container&#8221;]<div class=\"startflow-simple-image text-center\" style=\"\" >\r\n\t\t\t<img decoding=\"async\" alt=\"image\" src=\"https:\/\/www.ige.unicamp.br\/insyspo\/wp-content\/uploads\/sites\/51\/2020\/05\/Andr\u00e9-Cherubini-Alves.png\" \/> \r\n\t\t<\/div>[\/vc_column][vc_column width=&#8221;3\/4&#8243;][vc_column_text]<\/p>\n<h3 class=\"team-title\">Andr\u00e9 Cherubini Alves<\/h3>\n<p><span>Doctor in Business Administration focused on Management of Technology and Innovation and Master in Operations and Technology Management by PPGA\/UFRGS. Associate investigator at the Innovation Research Center (NITEC-UFRGS) and Innovation Systems, Strategy and Policy (InSySPo), Department of Science and Technology Policy at UNICAMP. Professor of Innovation and Strategy at the Sao Paulo School of Business Administration at Funda\u00e7\u00e3o Get\u00falio Vargas. Researcher at FGV Innovation Center. Andr\u00e9 has been a visiting Researcher at the Institute for Business Innovation at the Haas School of Business at the University of California at Berkeley. Director at the Silicon Valley Institute for Business Innovation. Andr\u00e9 has also worked with consultancy projects on Innovation, Strategic Management and Lean production systems. His areas of interest are theory of the firm and innovation capabilities, industrial organization dynamics and innovation ecosystems, knowledge-intensive entrepreneurship and lean innovation systems.<\/span>[\/vc_column_text][\/vc_column][\/vc_row][vc_row][vc_column][vc_empty_space height=&#8221;100px&#8221;][\/vc_column][\/vc_row][vc_row][vc_column width=&#8221;1\/4&#8243; el_class=&#8221;people_id_container&#8221;][\/vc_column][vc_column width=&#8221;3\/4&#8243;][vc_column_text]<\/p>\n<h3 class=\"team-title\">Cl\u00e9ment Bert-erboul<\/h3>\n<p>Cl\u00e9ment holds a PhD and a Masters in economic sociology, both from the University Lille 1 in France at the CNRS Clers\u00e9 institution. Cl\u00e9ment\u2019s areas of research are economic sociology; sociology of organisation; open innovation; social network; web scraping. He is also interested in intellectual property issues such as, free software communities, patent, innovation agreements; and research policy. Cl\u00e9ment is part of a project on \u201cRedes de ci\u00eancia, tecnologia e inova\u00e7\u00e3o,\u201d from FAPESP.[\/vc_column_text][\/vc_column][\/vc_row][vc_row][vc_column][vc_empty_space height=&#8221;100px&#8221;][\/vc_column][\/vc_row][vc_row][vc_column width=&#8221;1\/4&#8243; el_class=&#8221;people_id_container&#8221;]<div class=\"startflow-simple-image text-center\" style=\"\" >\r\n\t\t\t<img decoding=\"async\" alt=\"image\" src=\"https:\/\/www.ige.unicamp.br\/insyspo\/wp-content\/uploads\/sites\/51\/2020\/05\/Suelene-Mascarini-de-Souza-Romero.png\" \/> \r\n\t\t<\/div>[\/vc_column][vc_column width=&#8221;3\/4&#8243;][vc_column_text]<\/p>\n<h3 class=\"team-title\">Suelene Mascarini de Souza Romero<\/h3>\n<p>Suelene was a postdoc researcher in the Department of the Economics at UFSCar (2017-2019) and during three months acted as visiting researcher in Economics and Statistics at the UNITO (2017). In addition, she holds a PhD. in Production Engineering at Polytechnic School at USP (2016), with a scholarship from FAPESP. For six months she held a split PhD at the Department of Economics and Statistics at UNITO, with CAPES scholarship. Suelene also holds a Master Degree in Scientific and Technology Policy at Unicamp (2012), with FAPESP scholarship, and Bachelor in Physics from IFSC-USP (2008). She has collaborated in different research projects through the support for data collection, structuration and analysis in different natures. Her main areas of interest are innovation, competitiveness, geography of innovation, methods of regional analysis, spatial econometrics, and knowledge spillovers.[\/vc_column_text][\/vc_column][\/vc_row]<\/p>\n","protected":false},"excerpt":{"rendered":"<p>[vc_row][vc_column][\/vc_column][\/vc_row][vc_row][vc_column][\/vc_column][\/vc_row][vc_row][vc_column width=&#8221;1\/4&#8243; el_class=&#8221;people_id_container&#8221;][\/vc_column][vc_column width=&#8221;3\/4&#8243;][vc_column_text] Juan Carlos Castillo Juan is currently a Postdoctoral Research Fellow at Universidade Estadual de Campinas (UNICAMP), Brazil, affiliated with the InSySPo program. Previously, he worked as a Consultant at UN-Habitat in Mexico City, contributing to Mexico&#8217;s Industrial and Territorial Atlas for foreign direct investment. He also<\/p>\n","protected":false},"author":1,"featured_media":3238,"parent":881,"menu_order":0,"comment_status":"closed","ping_status":"closed","template":"","meta":{"footnotes":""},"class_list":["post-908","page","type-page","status-publish","has-post-thumbnail","hentry"],"jetpack_sharing_enabled":true,"_links":{"self":[{"href":"https:\/\/www.ige.unicamp.br\/insyspo\/wp-json\/wp\/v2\/pages\/908","targetHints":{"allow":["GET"]}}],"collection":[{"href":"https:\/\/www.ige.unicamp.br\/insyspo\/wp-json\/wp\/v2\/pages"}],"about":[{"href":"https:\/\/www.ige.unicamp.br\/insyspo\/wp-json\/wp\/v2\/types\/page"}],"author":[{"embeddable":true,"href":"https:\/\/www.ige.unicamp.br\/insyspo\/wp-json\/wp\/v2\/users\/1"}],"replies":[{"embeddable":true,"href":"https:\/\/www.ige.unicamp.br\/insyspo\/wp-json\/wp\/v2\/comments?post=908"}],"version-history":[{"count":21,"href":"https:\/\/www.ige.unicamp.br\/insyspo\/wp-json\/wp\/v2\/pages\/908\/revisions"}],"predecessor-version":[{"id":4902,"href":"https:\/\/www.ige.unicamp.br\/insyspo\/wp-json\/wp\/v2\/pages\/908\/revisions\/4902"}],"up":[{"embeddable":true,"href":"https:\/\/www.ige.unicamp.br\/insyspo\/wp-json\/wp\/v2\/pages\/881"}],"wp:featuredmedia":[{"embeddable":true,"href":"https:\/\/www.ige.unicamp.br\/insyspo\/wp-json\/wp\/v2\/media\/3238"}],"wp:attachment":[{"href":"https:\/\/www.ige.unicamp.br\/insyspo\/wp-json\/wp\/v2\/media?parent=908"}],"curies":[{"name":"wp","href":"https:\/\/api.w.org\/{rel}","templated":true}]}}