{"id":65,"date":"2023-08-22T09:59:06","date_gmt":"2023-08-22T12:59:06","guid":{"rendered":"https:\/\/www.ige.unicamp.br\/labraman\/?page_id=65"},"modified":"2023-08-22T09:59:41","modified_gmt":"2023-08-22T12:59:41","slug":"apresentacao","status":"publish","type":"page","link":"https:\/\/www.ige.unicamp.br\/labraman\/","title":{"rendered":"Apresenta\u00e7\u00e3o"},"content":{"rendered":"\n<p>A Espectroscopia Raman \u00e9 uma t\u00e9cnica de analise n\u00e3o destrutiva que pode nos fornecer informa\u00e7\u00e3o qu\u00edmica e estrutural do material analisado, seja ele inorg\u00e2nico ou org\u00e2nico. Esta t\u00e9cnica consiste na sondagem da estrutura vibracional das mol\u00e9culas constituintes da amostra em estudo, atrav\u00e9s da incid\u00eancia de um laser de luz vis\u00edvel, com comprimento de onda bem definida (monocrom\u00e1tica), e na intera\u00e7\u00e3o com as mol\u00e9culas que constitui amostra, os f\u00f3tons do feixe incidente de frequ\u00eancia \u03bd0 s\u00e3o espalhados inelasticamente com frequ\u00eancia \u03bd0 \u00b1 \u03bdi, onde \u03bdi \u00e9 a frequ\u00eancia vibracional caracter\u00edstica de cada estrutura molecular. O espectro constitu\u00eddo por estas frequ\u00eancias \u03bdi, o espectro Raman, \u00e9 como uma impress\u00e3o digital do material, sendo assim, poss\u00edvel diferenciar compostos com mesma formula\u00e7\u00e3o qu\u00edmica, por\u00e9m com diferentes estruturas, por exemplo os polimorfos.<\/p>\n\n\n\n<p>A espectroscopia Raman \u00e9 uma \u00f3tima t\u00e9cnica por exemplo para:<\/p>\n\n\n\n<ul class=\"wp-block-list\">\n<li>Identificar e analisar inclus\u00f5es fluidas, solidas e gasosas em minerais. Podendo quantificar as fases vol\u00e1teis (CO2, N2 e CH4)<\/li>\n\n\n\n<li>Identificar minerais e seus polimorfos<\/li>\n\n\n\n<li>Estimar a temperatura de ambientes metam\u00f3rficos utilizando a mat\u00e9ria carbon\u00e1cea<\/li>\n\n\n\n<li>Estimar a press\u00e3o a partir do quartzo na granada em processos tect\u00f4nicos<\/li>\n<\/ul>\n\n\n\n<p>O sistema de espectroscopia Raman foi adquirido dentro do projeto FINEP\/PADCT\/IG\/Mineraliza\u00e7\u00f5es Aur\u00edferas.<\/p>\n","protected":false},"excerpt":{"rendered":"<p>A Espectroscopia Raman \u00e9 uma t\u00e9cnica de analise n\u00e3o destrutiva que pode nos fornecer informa\u00e7\u00e3o qu\u00edmica e estrutural do material analisado, seja ele inorg\u00e2nico ou org\u00e2nico. Esta t\u00e9cnica consiste na sondagem da estrutura vibracional das mol\u00e9culas constituintes da amostra em estudo, atrav\u00e9s da incid\u00eancia de um laser de luz vis\u00edvel, com comprimento de onda bem [&hellip;]<\/p>\n","protected":false},"author":122,"featured_media":0,"parent":0,"menu_order":0,"comment_status":"closed","ping_status":"closed","template":"","meta":{"footnotes":""},"class_list":["post-65","page","type-page","status-publish","hentry","post"],"_links":{"self":[{"href":"https:\/\/www.ige.unicamp.br\/labraman\/wp-json\/wp\/v2\/pages\/65","targetHints":{"allow":["GET"]}}],"collection":[{"href":"https:\/\/www.ige.unicamp.br\/labraman\/wp-json\/wp\/v2\/pages"}],"about":[{"href":"https:\/\/www.ige.unicamp.br\/labraman\/wp-json\/wp\/v2\/types\/page"}],"author":[{"embeddable":true,"href":"https:\/\/www.ige.unicamp.br\/labraman\/wp-json\/wp\/v2\/users\/122"}],"replies":[{"embeddable":true,"href":"https:\/\/www.ige.unicamp.br\/labraman\/wp-json\/wp\/v2\/comments?post=65"}],"version-history":[{"count":2,"href":"https:\/\/www.ige.unicamp.br\/labraman\/wp-json\/wp\/v2\/pages\/65\/revisions"}],"predecessor-version":[{"id":67,"href":"https:\/\/www.ige.unicamp.br\/labraman\/wp-json\/wp\/v2\/pages\/65\/revisions\/67"}],"wp:attachment":[{"href":"https:\/\/www.ige.unicamp.br\/labraman\/wp-json\/wp\/v2\/media?parent=65"}],"curies":[{"name":"wp","href":"https:\/\/api.w.org\/{rel}","templated":true}]}}