{"id":1881,"date":"2024-10-25T17:28:01","date_gmt":"2024-10-25T20:28:01","guid":{"rendered":"https:\/\/www.ige.unicamp.br\/neal\/?page_id=1881"},"modified":"2025-10-23T12:34:24","modified_gmt":"2025-10-23T15:34:24","slug":"livros","status":"publish","type":"page","link":"https:\/\/www.ige.unicamp.br\/neal\/livros\/","title":{"rendered":"Livros"},"content":{"rendered":"\n<h4 class=\"wp-block-heading\"><strong>2024<\/strong><\/h4>\n\n\n\n<p>OLIVEIRA, Regina C\u00e9lia de.; AMORIM, Raul Reis. <a href=\"https:\/\/www.consequenciaeditora.net.br\/\" data-type=\"link\" data-id=\"https:\/\/www.consequenciaeditora.net.br\/\" target=\"_blank\" rel=\"noreferrer noopener\">An\u00e1lise dos componentes naturais e suas transforma\u00e7\u00f5es<\/a>. 1. ed. Rio de Janeiro: Editora Consequ\u00eancia, 2024.<\/p>\n\n\n\n<div class=\"wp-block-media-text is-stacked-on-mobile\" style=\"grid-template-columns:34% auto\"><figure class=\"wp-block-media-text__media\"><img fetchpriority=\"high\" decoding=\"async\" width=\"655\" height=\"1024\" src=\"https:\/\/www.ige.unicamp.br\/neal\/wp-content\/uploads\/sites\/10\/2024\/10\/Capa-para-Ebook-Marketing-Geometrico-Colorido_page-0001-655x1024.jpg\" alt=\"\" class=\"wp-image-1894 size-full\" srcset=\"https:\/\/www.ige.unicamp.br\/neal\/wp-content\/uploads\/sites\/10\/2024\/10\/Capa-para-Ebook-Marketing-Geometrico-Colorido_page-0001-655x1024.jpg 655w, https:\/\/www.ige.unicamp.br\/neal\/wp-content\/uploads\/sites\/10\/2024\/10\/Capa-para-Ebook-Marketing-Geometrico-Colorido_page-0001-192x300.jpg 192w, https:\/\/www.ige.unicamp.br\/neal\/wp-content\/uploads\/sites\/10\/2024\/10\/Capa-para-Ebook-Marketing-Geometrico-Colorido_page-0001-768x1201.jpg 768w, https:\/\/www.ige.unicamp.br\/neal\/wp-content\/uploads\/sites\/10\/2024\/10\/Capa-para-Ebook-Marketing-Geometrico-Colorido_page-0001.jpg 800w\" sizes=\"(max-width: 655px) 100vw, 655px\" \/><\/figure><div class=\"wp-block-media-text__content\">\n<style>\n        p {\n            text-align: justify; \/* Alinha o texto em ambos os lados *\/\n            margin: 20px; \/* Margem ao redor do par\u00e1grafo *\/\n            line-height: 1.6; \/* Espa\u00e7amento entre linhas *\/\n        }\n    <\/style>\n<\/head>\n<body>\n    <p>\n        A obra retrata parte dos resultados das atividades de parcerias internacionais e nacionais definidas a partir do projeto institucional Capes\/Print\/Unicamp, intitulado &#8211; An\u00e1lise dos componentes naturais e das suas transforma\u00e7\u00f5es &#8211; processo n\u00ba 88881.311030\/2018-01. O projeto esteve vinculado tamb\u00e9m ao Programa de P\u00f3s Gradua\u00e7\u00e3o em Geografia do Instituto de Geoci\u00eancias\/Unicamp, e coordenado pelos professores Dra. Regina C\u00e9lia de Oliveira e Dr. Raul Reis Amorim.<br>\n        Os autores dos textos apresentados nesta obra, sob diferentes perspectivas, tiveram uma participa\u00e7\u00e3o ativa no projeto, construindo rela\u00e7\u00f5es de interc\u00e2mbios com visitas e estadias curtas no Brasil, e dos pesquisadores brasileiros nas universidades de origem dos parceiros. Houve a ministra\u00e7\u00e3o de cursos, palestras, reuni\u00f5es e visitas a campo, resultando em uma prof\u00edcua troca de experi\u00eancias profissionais e fortalecimento de rela\u00e7\u00f5es de pesquisa sob v\u00ednculo internacional.<br>\n        A obra se prop\u00f5e a apresentar a diversidade dos trabalhos e linhas de pesquisas dos autores que debru\u00e7am sobre o tema central do projeto, dando contribui\u00e7\u00f5es plurais ao debate e trazendo provoca\u00e7\u00f5es ao tema, convergindo na constru\u00e7\u00e3o de novas propostas de projetos e ampliando parcerias.\n    <\/p>\n<\/div><\/div>\n\n\n\n<p><\/p>\n\n\n\n<h4 class=\"wp-block-heading\"><strong>2015<\/strong><\/h4>\n\n\n\n<p>CUNHA, Cenira Maria Lupinacci (Org.) ;&nbsp;<strong>OLIVEIRA, Regina C\u00e9lia de<\/strong>&nbsp;(Org.) . <a href=\"https:\/\/editoraunesp.com.br\/catalogo\/9788568334553,baixada-santista#:~:text=Uma%20contribui%C3%A7%C3%A3o%20%C3%A0%20an%C3%A1lise%20geoambiental&amp;text=%C3%89%20neste%20contexto%20que%20se,um%20alto%20grau%20de%20altera%C3%A7%C3%A3o\" data-type=\"link\" data-id=\"https:\/\/editoraunesp.com.br\/catalogo\/9788568334553,baixada-santista#:~:text=Uma%20contribui%C3%A7%C3%A3o%20%C3%A0%20an%C3%A1lise%20geoambiental&amp;text=%C3%89%20neste%20contexto%20que%20se,um%20alto%20grau%20de%20altera%C3%A7%C3%A3o\" target=\"_blank\" rel=\"noreferrer noopener\">Baixada Santista; Uma contribui\u00e7\u00e3o \u00e0 Analise Geoambiental<\/a>. 1. ed. S\u00e3o Paulo: Unesp, 2015. v. 1. 255p .<\/p>\n\n\n\n<div class=\"wp-block-media-text is-stacked-on-mobile\" style=\"grid-template-columns:34% auto\"><figure class=\"wp-block-media-text__media\"><img decoding=\"async\" width=\"454\" height=\"683\" src=\"https:\/\/www.ige.unicamp.br\/neal\/wp-content\/uploads\/sites\/10\/2024\/10\/capa.jpg\" alt=\"\" class=\"wp-image-1884 size-full\" srcset=\"https:\/\/www.ige.unicamp.br\/neal\/wp-content\/uploads\/sites\/10\/2024\/10\/capa.jpg 454w, https:\/\/www.ige.unicamp.br\/neal\/wp-content\/uploads\/sites\/10\/2024\/10\/capa-199x300.jpg 199w\" sizes=\"(max-width: 454px) 100vw, 454px\" \/><\/figure><div class=\"wp-block-media-text__content\">\n<style>\n        p {\n            text-align: justify; \/* Alinha o texto em ambos os lados *\/\n            margin: 20px; \/* Margem ao redor do par\u00e1grafo *\/\n            line-height: 1.6; \/* Espa\u00e7amento entre linhas *\/\n        }\n        em {\n            display: block; \/* Faz o texto em it\u00e1lico aparecer em uma nova linha *\/\n            margin-top: 10px; \/* Espa\u00e7amento acima do texto em it\u00e1lico *\/\n        }\n    <\/style>\n<\/head>\n<body>\n    <p>\n        Os ambientes litor\u00e2neos foram os primeiros ocupados pelo homem europeu no Brasil e apresentam, nos dias atuais, elevados \u00edndices de urbaniza\u00e7\u00e3o. Tais ambientes possuem elevado grau de suscetibilidade ambiental devido \u00e0s suas caracter\u00edsticas intr\u00ednsecas, tais como propriedades litol\u00f3gicas, hidrol\u00f3gicas, geomorfol\u00f3gicas, clim\u00e1ticas e biogeogr\u00e1ficas.<br>\n        \u00c9 neste contexto que se insere a regi\u00e3o litor\u00e2nea do estado de S\u00e3o Paulo, na qual a intensa atividade tur\u00edstica, os portos, as ind\u00fastrias e o desenvolvimento urbano, associados \u00e0 sua fragilidade, geram um alto grau de altera\u00e7\u00e3o.<br>\n        Na Baixada Santista, localizada no setor central do litoral do estado, a problem\u00e1tica principal relaciona-se \u00e0 urbaniza\u00e7\u00e3o sobre os terrenos planos e inconsistentes da plan\u00edcie quatern\u00e1ria e sobre as vertentes \u00edngremes dos Morros Isolados. Assim, t\u00eam-se problemas relacionados a enchentes, movimentos de massa nas encostas e instabilidade das funda\u00e7\u00f5es das constru\u00e7\u00f5es.<br>\n        Diante desse cen\u00e1rio, os projetos de planejamento devem considerar que a qualidade de vida de moradores e turistas depende de a\u00e7\u00f5es adequadas, fundamentadas em bases s\u00f3lidas de conhecimento, visando \u00e0 conserva\u00e7\u00e3o e manuten\u00e7\u00e3o das caracter\u00edsticas ambientais. Os estudos que integram esta obra investigam as intera\u00e7\u00f5es entre as caracter\u00edsticas f\u00edsicas da Baixada Santista e a ocupa\u00e7\u00e3o desses terrenos. Ao analisar tais intera\u00e7\u00f5es, busca-se realizar um diagn\u00f3stico das condi\u00e7\u00f5es ambientais da Baixada Santista, apontando problem\u00e1ticas ambientais municipais a serem gerenciadas pelo poder p\u00fablico nos processos de planejamento.<br>\n    <\/p>\n\n\n\n<p>ISBN: 9788568334553<\/p>\n<\/div><\/div>\n","protected":false},"excerpt":{"rendered":"<p>2024 OLIVEIRA, Regina C\u00e9lia de.; AMORIM, Raul Reis. An\u00e1lise dos componentes naturais e suas transforma\u00e7\u00f5es. 1. ed. Rio de Janeiro: Editora Consequ\u00eancia, 2024. A obra retrata parte dos resultados das atividades de parcerias internacionais e nacionais definidas a partir do projeto institucional Capes\/Print\/Unicamp, intitulado &#8211; An\u00e1lise dos componentes naturais e das suas transforma\u00e7\u00f5es &#8211; processo [&hellip;]<\/p>\n","protected":false},"author":139,"featured_media":0,"parent":0,"menu_order":0,"comment_status":"closed","ping_status":"closed","template":"","meta":{"site-sidebar-layout":"default","site-content-layout":"","ast-site-content-layout":"default","site-content-style":"default","site-sidebar-style":"default","ast-global-header-display":"","ast-banner-title-visibility":"","ast-main-header-display":"","ast-hfb-above-header-display":"","ast-hfb-below-header-display":"","ast-hfb-mobile-header-display":"","site-post-title":"","ast-breadcrumbs-content":"","ast-featured-img":"","footer-sml-layout":"","ast-disable-related-posts":"","theme-transparent-header-meta":"","adv-header-id-meta":"","stick-header-meta":"","header-above-stick-meta":"","header-main-stick-meta":"","header-below-stick-meta":"","astra-migrate-meta-layouts":"set","ast-page-background-enabled":"default","ast-page-background-meta":{"desktop":{"background-color":"var(--ast-global-color-4)","background-image":"","background-repeat":"repeat","background-position":"center center","background-size":"auto","background-attachment":"scroll","background-type":"","background-media":"","overlay-type":"","overlay-color":"","overlay-opacity":"","overlay-gradient":""},"tablet":{"background-color":"","background-image":"","background-repeat":"repeat","background-position":"center center","background-size":"auto","background-attachment":"scroll","background-type":"","background-media":"","overlay-type":"","overlay-color":"","overlay-opacity":"","overlay-gradient":""},"mobile":{"background-color":"","background-image":"","background-repeat":"repeat","background-position":"center center","background-size":"auto","background-attachment":"scroll","background-type":"","background-media":"","overlay-type":"","overlay-color":"","overlay-opacity":"","overlay-gradient":""}},"ast-content-background-meta":{"desktop":{"background-color":"var(--ast-global-color-5)","background-image":"","background-repeat":"repeat","background-position":"center center","background-size":"auto","background-attachment":"scroll","background-type":"","background-media":"","overlay-type":"","overlay-color":"","overlay-opacity":"","overlay-gradient":""},"tablet":{"background-color":"var(--ast-global-color-5)","background-image":"","background-repeat":"repeat","background-position":"center center","background-size":"auto","background-attachment":"scroll","background-type":"","background-media":"","overlay-type":"","overlay-color":"","overlay-opacity":"","overlay-gradient":""},"mobile":{"background-color":"var(--ast-global-color-5)","background-image":"","background-repeat":"repeat","background-position":"center center","background-size":"auto","background-attachment":"scroll","background-type":"","background-media":"","overlay-type":"","overlay-color":"","overlay-opacity":"","overlay-gradient":""}},"footnotes":""},"class_list":["post-1881","page","type-page","status-publish","hentry"],"_links":{"self":[{"href":"https:\/\/www.ige.unicamp.br\/neal\/wp-json\/wp\/v2\/pages\/1881","targetHints":{"allow":["GET"]}}],"collection":[{"href":"https:\/\/www.ige.unicamp.br\/neal\/wp-json\/wp\/v2\/pages"}],"about":[{"href":"https:\/\/www.ige.unicamp.br\/neal\/wp-json\/wp\/v2\/types\/page"}],"author":[{"embeddable":true,"href":"https:\/\/www.ige.unicamp.br\/neal\/wp-json\/wp\/v2\/users\/139"}],"replies":[{"embeddable":true,"href":"https:\/\/www.ige.unicamp.br\/neal\/wp-json\/wp\/v2\/comments?post=1881"}],"version-history":[{"count":14,"href":"https:\/\/www.ige.unicamp.br\/neal\/wp-json\/wp\/v2\/pages\/1881\/revisions"}],"predecessor-version":[{"id":2567,"href":"https:\/\/www.ige.unicamp.br\/neal\/wp-json\/wp\/v2\/pages\/1881\/revisions\/2567"}],"wp:attachment":[{"href":"https:\/\/www.ige.unicamp.br\/neal\/wp-json\/wp\/v2\/media?parent=1881"}],"curies":[{"name":"wp","href":"https:\/\/api.w.org\/{rel}","templated":true}]}}