{"id":215,"date":"2020-07-04T00:03:09","date_gmt":"2020-07-04T03:03:09","guid":{"rendered":"https:\/\/www.ige.unicamp.br\/pedologia\/?page_id=215"},"modified":"2024-05-10T12:01:22","modified_gmt":"2024-05-10T15:01:22","slug":"publicacoes","status":"publish","type":"page","link":"https:\/\/www.ige.unicamp.br\/pedologia\/publicacoes\/","title":{"rendered":"Publica\u00e7\u00f5es"},"content":{"rendered":"\n<figure class=\"wp-block-image size-full\"><img loading=\"lazy\" decoding=\"async\" width=\"1080\" height=\"400\" src=\"https:\/\/www.ige.unicamp.br\/pedologia\/wp-content\/uploads\/sites\/41\/2024\/05\/Capas_munu_publi.gif\" alt=\"\" class=\"wp-image-3646\" \/><\/figure>\n\n\n\n<p class=\"has-white-color has-text-color has-background\" style=\"background-color:#b44247;font-size:25px;font-style:normal;font-weight:800;letter-spacing:2px\"><img loading=\"lazy\" decoding=\"async\" width=\"1080\" height=\"1080\" class=\"wp-image-3642\" style=\"width: 25px\" src=\"https:\/\/www.ige.unicamp.br\/pedologia\/wp-content\/uploads\/sites\/41\/2024\/05\/Index_icon.gif\" alt=\"\"><strong>\u00cdNDICE<\/strong><\/p>\n\n\n\n<p class=\"has-white-background-color has-background\"><img loading=\"lazy\" decoding=\"async\" width=\"200\" height=\"252\" class=\"wp-image-936\" style=\"width: 12px\" src=\"https:\/\/www.ige.unicamp.br\/pedologia\/wp-content\/uploads\/sites\/41\/2021\/02\/papper_pr.png\" alt=\"\"> <strong><a href=\"https:\/\/www.ige.unicamp.br\/pedologia\/publicacoes\/artigos-cientificos\/\">Artigos Cient\u00edficos<\/a><\/strong><\/p>\n\n\n\n<p class=\"has-white-background-color has-background\"><strong><img loading=\"lazy\" decoding=\"async\" width=\"626\" height=\"532\" class=\"wp-image-1365\" style=\"width: 20px\" src=\"https:\/\/www.ige.unicamp.br\/pedologia\/wp-content\/uploads\/sites\/41\/2021\/04\/kisspng-portable-network-graphics-computer-icons-graduatio-wuw-fitness-programa-fitness-5b6faf0e3e0b77.7580385515340459662541.png\" alt=\"\" srcset=\"https:\/\/www.ige.unicamp.br\/pedologia\/wp-content\/uploads\/sites\/41\/2021\/04\/kisspng-portable-network-graphics-computer-icons-graduatio-wuw-fitness-programa-fitness-5b6faf0e3e0b77.7580385515340459662541.png 626w, https:\/\/www.ige.unicamp.br\/pedologia\/wp-content\/uploads\/sites\/41\/2021\/04\/kisspng-portable-network-graphics-computer-icons-graduatio-wuw-fitness-programa-fitness-5b6faf0e3e0b77.7580385515340459662541-300x255.png 300w\" sizes=\"auto, (max-width: 626px) 100vw, 626px\" \/> <a href=\"https:\/\/www.ige.unicamp.br\/pedologia\/publicacoes\/teses-e-monografias\/\">Teses de Doutorado<\/a><\/strong><\/p>\n\n\n\n<p class=\"has-white-background-color has-background\"><img loading=\"lazy\" decoding=\"async\" width=\"626\" height=\"532\" class=\"wp-image-1365\" style=\"width: 20px\" src=\"https:\/\/www.ige.unicamp.br\/pedologia\/wp-content\/uploads\/sites\/41\/2021\/04\/kisspng-portable-network-graphics-computer-icons-graduatio-wuw-fitness-programa-fitness-5b6faf0e3e0b77.7580385515340459662541.png\" alt=\"\" srcset=\"https:\/\/www.ige.unicamp.br\/pedologia\/wp-content\/uploads\/sites\/41\/2021\/04\/kisspng-portable-network-graphics-computer-icons-graduatio-wuw-fitness-programa-fitness-5b6faf0e3e0b77.7580385515340459662541.png 626w, https:\/\/www.ige.unicamp.br\/pedologia\/wp-content\/uploads\/sites\/41\/2021\/04\/kisspng-portable-network-graphics-computer-icons-graduatio-wuw-fitness-programa-fitness-5b6faf0e3e0b77.7580385515340459662541-300x255.png 300w\" sizes=\"auto, (max-width: 626px) 100vw, 626px\" \/> <strong><a href=\"https:\/\/www.ige.unicamp.br\/pedologia\/publicacoes\/teses-e-monografias\/2\/\">Disserta\u00e7\u00f5es de Mestrado<\/a><\/strong><\/p>\n\n\n\n<hr class=\"wp-block-separator has-text-color has-vivid-red-color has-alpha-channel-opacity has-vivid-red-background-color has-background is-style-default\" \/>\n\n\n\n<p class=\"has-text-align-center has-background\" style=\"background-color:#f6f6f6\"><strong>Publica\u00e7\u00f5es Recentes<\/strong><\/p>\n\n\n\n<div class=\"alignnormal\"><div id=\"metaslider-id-1838\" style=\"width: 100%; margin: 0 auto;\" class=\"ml-slider-3-108-0 metaslider metaslider-flex metaslider-1838 ml-slider has-dots-nav ms-theme-simply-dark\" role=\"region\" aria-label=\"PUBLICA\u00c7\u00d5ES RECENTES\" data-height=\"1080\" data-width=\"1080\">\n    <div id=\"metaslider_container_1838\">\n        <div id=\"metaslider_1838\">\n            <ul class='slides'>\n                <li style=\"display: block; width: 100%;\" class=\"slide-2458 ms-image \" aria-roledescription=\"slide\" data-date=\"2022-03-16 11:46:02\" data-filename=\"PUBLICACOES-RECENTES-PRINCIPAL.jpg\" data-slide-type=\"image\"><a href=\"https:\/\/repositorio.unicamp.br\/acervo\/detalhe\/1501435?guid=1756146156571&amp;returnUrl=%2fresultado%2flistar%3fguid%3d1756146156571%26quantidadePaginas%3d1%26codigoRegistro%3d1501435%231501435&amp;i=1\" target=\"_blank\" aria-label=\"View Slide Details\" class=\"metaslider_image_link\"><img loading=\"lazy\" decoding=\"async\" src=\"https:\/\/www.ige.unicamp.br\/pedologia\/wp-content\/uploads\/sites\/41\/2025\/08\/PUBLICACOES-RECENTES-PRINCIPAL.jpg\" height=\"1080\" width=\"1080\" alt=\"\" class=\"slider-1838 slide-2458 msDefaultImage\" title=\"PUBLICA\u00c7\u00d5ES RECENTES - PRINCIPAL\" \/><\/a><\/li>\n                <li style=\"display: none; width: 100%;\" class=\"slide-4006 ms-image \" aria-roledescription=\"slide\" data-date=\"2025-05-23 17:42:28\" data-filename=\"4.jpg\" data-slide-type=\"image\"><a href=\"https:\/\/www.sciencedirect.com\/science\/article\/pii\/S0341816225002474?via%3Dihub\" target=\"_blank\" aria-label=\"View Slide Details\" class=\"metaslider_image_link\"><img loading=\"lazy\" decoding=\"async\" src=\"https:\/\/www.ige.unicamp.br\/pedologia\/wp-content\/uploads\/sites\/41\/2025\/05\/4.jpg\" height=\"1080\" width=\"1080\" alt=\"\" class=\"slider-1838 slide-4006 msDefaultImage\" title=\"4\" \/><\/a><\/li>\n                <li style=\"display: none; width: 100%;\" class=\"slide-4008 ms-image \" aria-roledescription=\"slide\" data-date=\"2025-05-23 17:52:56\" data-filename=\"3.jpg\" data-slide-type=\"image\"><a href=\"https:\/\/www.periodicos.rc.biblioteca.unesp.br\/index.php\/ageteo\/article\/view\/18435\/13218\" target=\"_blank\" aria-label=\"View Slide Details\" class=\"metaslider_image_link\"><img loading=\"lazy\" decoding=\"async\" src=\"https:\/\/www.ige.unicamp.br\/pedologia\/wp-content\/uploads\/sites\/41\/2025\/05\/3.jpg\" height=\"1080\" width=\"1080\" alt=\"\" class=\"slider-1838 slide-4008 msDefaultImage\" title=\"3\" \/><\/a><\/li>\n                <li style=\"display: none; width: 100%;\" class=\"slide-4009 ms-image \" aria-roledescription=\"slide\" data-date=\"2025-05-23 17:53:01\" data-filename=\"2.jpg\" data-slide-type=\"image\"><a href=\"https:\/\/periodicos.ufpe.br\/revistas\/index.php\/rbgfe\/article\/view\/261682\/48211\" target=\"_blank\" aria-label=\"View Slide Details\" class=\"metaslider_image_link\"><img loading=\"lazy\" decoding=\"async\" src=\"https:\/\/www.ige.unicamp.br\/pedologia\/wp-content\/uploads\/sites\/41\/2025\/05\/2.jpg\" height=\"1080\" width=\"1080\" alt=\"\" class=\"slider-1838 slide-4009 msDefaultImage\" title=\"2\" \/><\/a><\/li>\n                <li style=\"display: none; width: 100%;\" class=\"slide-4010 ms-image \" aria-roledescription=\"slide\" data-date=\"2025-05-23 17:53:05\" data-filename=\"1.jpg\" data-slide-type=\"image\"><a href=\"https:\/\/www.repositorio.unicamp.br\/acervo\/detalhe\/1414000\" target=\"_blank\" aria-label=\"View Slide Details\" class=\"metaslider_image_link\"><img loading=\"lazy\" decoding=\"async\" src=\"https:\/\/www.ige.unicamp.br\/pedologia\/wp-content\/uploads\/sites\/41\/2025\/05\/1.jpg\" height=\"1080\" width=\"1080\" alt=\"\" class=\"slider-1838 slide-4010 msDefaultImage\" title=\"1\" \/><\/a><\/li>\n                <li style=\"display: none; width: 100%;\" class=\"slide-2696 ms-image \" aria-roledescription=\"slide\" data-date=\"2023-01-10 10:01:13\" data-filename=\"artigos-1.jpg\" data-slide-type=\"image\"><a href=\"https:\/\/periodicos.ufpe.br\/revistas\/index.php\/rbgfe\/article\/view\/259152\/46320\" target=\"_blank\" aria-label=\"View Slide Details\" class=\"metaslider_image_link\"><img loading=\"lazy\" decoding=\"async\" src=\"https:\/\/www.ige.unicamp.br\/pedologia\/wp-content\/uploads\/sites\/41\/2024\/05\/artigos-1.jpg\" height=\"1080\" width=\"1080\" alt=\"\" class=\"slider-1838 slide-2696 msDefaultImage\" title=\"artigos (1)\" \/><\/a><\/li>\n                <li style=\"display: none; width: 100%;\" class=\"slide-2686 ms-image \" aria-roledescription=\"slide\" data-date=\"2022-10-14 17:47:36\" data-filename=\"artigos-2.jpg\" data-slide-type=\"image\"><a href=\"https:\/\/periodicos.pucminas.br\/index.php\/geografia\/article\/view\/28943\/21927\" target=\"_blank\" aria-label=\"View Slide Details\" class=\"metaslider_image_link\"><img loading=\"lazy\" decoding=\"async\" src=\"https:\/\/www.ige.unicamp.br\/pedologia\/wp-content\/uploads\/sites\/41\/2024\/05\/artigos-2.jpg\" height=\"1080\" width=\"1080\" alt=\"\" class=\"slider-1838 slide-2686 msDefaultImage\" title=\"artigos (2)\" \/><\/a><\/li>\n                <li style=\"display: none; width: 100%;\" class=\"slide-2455 ms-image \" aria-roledescription=\"slide\" data-date=\"2022-03-16 11:43:06\" data-filename=\"artigos-3.jpg\" data-slide-type=\"image\"><a href=\"https:\/\/www.sciencedirect.com\/science\/article\/pii\/S0012825223003392?via%3Dihub\" target=\"_blank\" aria-label=\"View Slide Details\" class=\"metaslider_image_link\"><img loading=\"lazy\" decoding=\"async\" src=\"https:\/\/www.ige.unicamp.br\/pedologia\/wp-content\/uploads\/sites\/41\/2024\/05\/artigos-3.jpg\" height=\"1080\" width=\"1080\" alt=\"\" class=\"slider-1838 slide-2455 msDefaultImage\" title=\"artigos (3)\" \/><\/a><\/li>\n            <\/ul>\n        <\/div>\n        \n    <\/div>\n<\/div><\/div>\n","protected":false},"excerpt":{"rendered":"<p>\u00cdNDICE Artigos Cient\u00edficos Teses de Doutorado Disserta\u00e7\u00f5es de Mestrado Publica\u00e7\u00f5es Recentes<\/p>\n","protected":false},"author":127,"featured_media":0,"parent":0,"menu_order":0,"comment_status":"closed","ping_status":"closed","template":"","meta":{"ngg_post_thumbnail":0,"footnotes":""},"class_list":["post-215","page","type-page","status-publish","hentry","post"],"yoast_head":"<!-- This site is optimized with the Yoast SEO plugin v27.4 - https:\/\/yoast.com\/product\/yoast-seo-wordpress\/ -->\n<title>Publica\u00e7\u00f5es - LABPED<\/title>\n<meta name=\"robots\" content=\"index, follow, max-snippet:-1, max-image-preview:large, max-video-preview:-1\" \/>\n<link rel=\"canonical\" href=\"https:\/\/www.ige.unicamp.br\/pedologia\/publicacoes\/\" \/>\n<meta property=\"og:locale\" content=\"pt_BR\" \/>\n<meta property=\"og:type\" content=\"article\" \/>\n<meta property=\"og:title\" content=\"Publica\u00e7\u00f5es - LABPED\" \/>\n<meta property=\"og:description\" content=\"\u00cdNDICE Artigos Cient\u00edficos Teses de Doutorado Disserta\u00e7\u00f5es de Mestrado Publica\u00e7\u00f5es Recentes\" \/>\n<meta property=\"og:url\" content=\"https:\/\/www.ige.unicamp.br\/pedologia\/publicacoes\/\" \/>\n<meta property=\"og:site_name\" content=\"LABPED\" \/>\n<meta property=\"article:modified_time\" content=\"2024-05-10T15:01:22+00:00\" \/>\n<meta property=\"og:image\" content=\"https:\/\/www.ige.unicamp.br\/pedologia\/wp-content\/uploads\/sites\/41\/2024\/05\/Capas_munu_publi.gif\" \/>\n<meta name=\"twitter:card\" content=\"summary_large_image\" \/>\n<meta name=\"twitter:label1\" content=\"Est. tempo de leitura\" \/>\n\t<meta name=\"twitter:data1\" content=\"2 minutos\" \/>\n<script type=\"application\/ld+json\" class=\"yoast-schema-graph\">{\"@context\":\"https:\\\/\\\/schema.org\",\"@graph\":[{\"@type\":\"WebPage\",\"@id\":\"https:\\\/\\\/www.ige.unicamp.br\\\/pedologia\\\/publicacoes\\\/\",\"url\":\"https:\\\/\\\/www.ige.unicamp.br\\\/pedologia\\\/publicacoes\\\/\",\"name\":\"Publica\u00e7\u00f5es - LABPED\",\"isPartOf\":{\"@id\":\"https:\\\/\\\/www.ige.unicamp.br\\\/pedologia\\\/#website\"},\"primaryImageOfPage\":{\"@id\":\"https:\\\/\\\/www.ige.unicamp.br\\\/pedologia\\\/publicacoes\\\/#primaryimage\"},\"image\":{\"@id\":\"https:\\\/\\\/www.ige.unicamp.br\\\/pedologia\\\/publicacoes\\\/#primaryimage\"},\"thumbnailUrl\":\"https:\\\/\\\/www.ige.unicamp.br\\\/pedologia\\\/wp-content\\\/uploads\\\/sites\\\/41\\\/2024\\\/05\\\/Capas_munu_publi.gif\",\"datePublished\":\"2020-07-04T03:03:09+00:00\",\"dateModified\":\"2024-05-10T15:01:22+00:00\",\"breadcrumb\":{\"@id\":\"https:\\\/\\\/www.ige.unicamp.br\\\/pedologia\\\/publicacoes\\\/#breadcrumb\"},\"inLanguage\":\"pt-BR\",\"potentialAction\":[{\"@type\":\"ReadAction\",\"target\":[\"https:\\\/\\\/www.ige.unicamp.br\\\/pedologia\\\/publicacoes\\\/\"]}]},{\"@type\":\"ImageObject\",\"inLanguage\":\"pt-BR\",\"@id\":\"https:\\\/\\\/www.ige.unicamp.br\\\/pedologia\\\/publicacoes\\\/#primaryimage\",\"url\":\"https:\\\/\\\/www.ige.unicamp.br\\\/pedologia\\\/wp-content\\\/uploads\\\/sites\\\/41\\\/2024\\\/05\\\/Capas_munu_publi.gif\",\"contentUrl\":\"https:\\\/\\\/www.ige.unicamp.br\\\/pedologia\\\/wp-content\\\/uploads\\\/sites\\\/41\\\/2024\\\/05\\\/Capas_munu_publi.gif\",\"width\":1080,\"height\":400},{\"@type\":\"BreadcrumbList\",\"@id\":\"https:\\\/\\\/www.ige.unicamp.br\\\/pedologia\\\/publicacoes\\\/#breadcrumb\",\"itemListElement\":[{\"@type\":\"ListItem\",\"position\":1,\"name\":\"In\u00edcio\",\"item\":\"https:\\\/\\\/www.ige.unicamp.br\\\/pedologia\\\/\"},{\"@type\":\"ListItem\",\"position\":2,\"name\":\"Publica\u00e7\u00f5es\"}]},{\"@type\":\"WebSite\",\"@id\":\"https:\\\/\\\/www.ige.unicamp.br\\\/pedologia\\\/#website\",\"url\":\"https:\\\/\\\/www.ige.unicamp.br\\\/pedologia\\\/\",\"name\":\"LABPED\",\"description\":\"Laborat\u00f3rio de Pedologia\",\"potentialAction\":[{\"@type\":\"SearchAction\",\"target\":{\"@type\":\"EntryPoint\",\"urlTemplate\":\"https:\\\/\\\/www.ige.unicamp.br\\\/pedologia\\\/?s={search_term_string}\"},\"query-input\":{\"@type\":\"PropertyValueSpecification\",\"valueRequired\":true,\"valueName\":\"search_term_string\"}}],\"inLanguage\":\"pt-BR\"}]}<\/script>\n<!-- \/ Yoast SEO plugin. -->","yoast_head_json":{"title":"Publica\u00e7\u00f5es - LABPED","robots":{"index":"index","follow":"follow","max-snippet":"max-snippet:-1","max-image-preview":"max-image-preview:large","max-video-preview":"max-video-preview:-1"},"canonical":"https:\/\/www.ige.unicamp.br\/pedologia\/publicacoes\/","og_locale":"pt_BR","og_type":"article","og_title":"Publica\u00e7\u00f5es - LABPED","og_description":"\u00cdNDICE Artigos Cient\u00edficos Teses de Doutorado Disserta\u00e7\u00f5es de Mestrado Publica\u00e7\u00f5es Recentes","og_url":"https:\/\/www.ige.unicamp.br\/pedologia\/publicacoes\/","og_site_name":"LABPED","article_modified_time":"2024-05-10T15:01:22+00:00","og_image":[{"url":"https:\/\/www.ige.unicamp.br\/pedologia\/wp-content\/uploads\/sites\/41\/2024\/05\/Capas_munu_publi.gif","type":"","width":"","height":""}],"twitter_card":"summary_large_image","twitter_misc":{"Est. tempo de leitura":"2 minutos"},"schema":{"@context":"https:\/\/schema.org","@graph":[{"@type":"WebPage","@id":"https:\/\/www.ige.unicamp.br\/pedologia\/publicacoes\/","url":"https:\/\/www.ige.unicamp.br\/pedologia\/publicacoes\/","name":"Publica\u00e7\u00f5es - LABPED","isPartOf":{"@id":"https:\/\/www.ige.unicamp.br\/pedologia\/#website"},"primaryImageOfPage":{"@id":"https:\/\/www.ige.unicamp.br\/pedologia\/publicacoes\/#primaryimage"},"image":{"@id":"https:\/\/www.ige.unicamp.br\/pedologia\/publicacoes\/#primaryimage"},"thumbnailUrl":"https:\/\/www.ige.unicamp.br\/pedologia\/wp-content\/uploads\/sites\/41\/2024\/05\/Capas_munu_publi.gif","datePublished":"2020-07-04T03:03:09+00:00","dateModified":"2024-05-10T15:01:22+00:00","breadcrumb":{"@id":"https:\/\/www.ige.unicamp.br\/pedologia\/publicacoes\/#breadcrumb"},"inLanguage":"pt-BR","potentialAction":[{"@type":"ReadAction","target":["https:\/\/www.ige.unicamp.br\/pedologia\/publicacoes\/"]}]},{"@type":"ImageObject","inLanguage":"pt-BR","@id":"https:\/\/www.ige.unicamp.br\/pedologia\/publicacoes\/#primaryimage","url":"https:\/\/www.ige.unicamp.br\/pedologia\/wp-content\/uploads\/sites\/41\/2024\/05\/Capas_munu_publi.gif","contentUrl":"https:\/\/www.ige.unicamp.br\/pedologia\/wp-content\/uploads\/sites\/41\/2024\/05\/Capas_munu_publi.gif","width":1080,"height":400},{"@type":"BreadcrumbList","@id":"https:\/\/www.ige.unicamp.br\/pedologia\/publicacoes\/#breadcrumb","itemListElement":[{"@type":"ListItem","position":1,"name":"In\u00edcio","item":"https:\/\/www.ige.unicamp.br\/pedologia\/"},{"@type":"ListItem","position":2,"name":"Publica\u00e7\u00f5es"}]},{"@type":"WebSite","@id":"https:\/\/www.ige.unicamp.br\/pedologia\/#website","url":"https:\/\/www.ige.unicamp.br\/pedologia\/","name":"LABPED","description":"Laborat\u00f3rio de Pedologia","potentialAction":[{"@type":"SearchAction","target":{"@type":"EntryPoint","urlTemplate":"https:\/\/www.ige.unicamp.br\/pedologia\/?s={search_term_string}"},"query-input":{"@type":"PropertyValueSpecification","valueRequired":true,"valueName":"search_term_string"}}],"inLanguage":"pt-BR"}]}},"_links":{"self":[{"href":"https:\/\/www.ige.unicamp.br\/pedologia\/wp-json\/wp\/v2\/pages\/215","targetHints":{"allow":["GET"]}}],"collection":[{"href":"https:\/\/www.ige.unicamp.br\/pedologia\/wp-json\/wp\/v2\/pages"}],"about":[{"href":"https:\/\/www.ige.unicamp.br\/pedologia\/wp-json\/wp\/v2\/types\/page"}],"author":[{"embeddable":true,"href":"https:\/\/www.ige.unicamp.br\/pedologia\/wp-json\/wp\/v2\/users\/127"}],"replies":[{"embeddable":true,"href":"https:\/\/www.ige.unicamp.br\/pedologia\/wp-json\/wp\/v2\/comments?post=215"}],"version-history":[{"count":20,"href":"https:\/\/www.ige.unicamp.br\/pedologia\/wp-json\/wp\/v2\/pages\/215\/revisions"}],"predecessor-version":[{"id":3762,"href":"https:\/\/www.ige.unicamp.br\/pedologia\/wp-json\/wp\/v2\/pages\/215\/revisions\/3762"}],"wp:attachment":[{"href":"https:\/\/www.ige.unicamp.br\/pedologia\/wp-json\/wp\/v2\/media?parent=215"}],"curies":[{"name":"wp","href":"https:\/\/api.w.org\/{rel}","templated":true}]}}